d 14145840.
72
What is the greatest common factor of 23 and 46?
23
What is the highest common divisor of 1912 and 3263306?
478
What is the highest common factor of 66748 and 3663?
407
Calculate the greatest common divisor of 36 and 23742.
18
Calculate the greatest common divisor of 103713 and 1448.
181
What is the highest common factor of 45 and 1433637?
9
Calculate the greatest common factor of 3724732 and 44.
44
What is the highest common factor of 4 and 62068?
4
Calculate the highest common divisor of 14267 and 737.
11
Calculate the highest common factor of 240 and 337440.
240
What is the highest common factor of 1146 and 341890?
382
Calculate the highest common factor of 3756 and 2087084.
1252
What is the highest common factor of 32175 and 3965?
65
What is the greatest common factor of 12416 and 2048?
128
What is the highest common divisor of 30157 and 901?
53
Calculate the greatest common factor of 3070 and 486595.
1535
Calculate the highest common divisor of 2650 and 5194.
106
What is the greatest common factor of 17043 and 989?
23
What is the highest common divisor of 53562 and 15933?
339
Calculate the highest common divisor of 69 and 526079.
23
Calculate the greatest common divisor of 4144 and 61901.
259
What is the highest common divisor of 2200 and 9400?
200
What is the greatest common divisor of 271566 and 3384?
846
Calculate the greatest common factor of 76 and 13186.
38
What is the greatest common divisor of 24 and 236568?
24
Calculate the greatest common factor of 88 and 56089.
11
Calculate the greatest common divisor of 9218 and 3234.
22
What is the highest common divisor of 539880 and 67076?
1636
What is the greatest common divisor of 31 and 7736?
1
What is the greatest common divisor of 11 and 122683?
11
What is the greatest common divisor of 21924 and 1701?
189
Calculate the greatest common divisor of 3 and 2372379.
3
Calculate the highest common factor of 282 and 579.
3
What is the highest common factor of 225 and 17310?
15
What is the greatest common factor of 63958 and 15142?
226
Calculate the greatest common divisor of 4170 and 2010.
30
What is the greatest common divisor of 35734 and 17034?
34
Calculate the greatest common factor of 61336 and 323.
17
What is the highest common divisor of 675 and 50175?
225
What is the greatest common factor of 341 and 127578?
11
Calculate the greatest common factor of 114 and 42282.
6
What is the highest common factor of 10 and 337740?
10
Calculate the greatest common factor of 36825 and 9375.
75
Calculate the greatest common factor of 5401 and 825.
11
What is the highest common factor of 50933 and 155?
31
What is the highest common factor of 490926 and 102?
102
Calculate the greatest common divisor of 4628 and 1080638.
2314
Calculate the greatest common factor of 1098 and 342.
18
Calculate the greatest common divisor of 85 and 335.
5
Calculate the highest common factor of 146499 and 3.
3
Calculate the highest common divisor of 42420 and 50.
10
What is the greatest common factor of 524 and 253354?
262
What is the highest common divisor of 294 and 138?
6
Calculate the greatest common divisor of 584 and 3030084.
292
Calculate the highest common divisor of 147842 and 232.
58
Calculate the greatest common factor of 9635 and 3485.
205
Calculate the highest common factor of 104260 and 13260.
260
Calculate the highest common factor of 136 and 760376.
136
Calculate the highest common divisor of 281844 and 36.
36
What is the greatest common factor of 13615 and 14?
7
What is the highest common divisor of 70 and 3505?
5
What is the highest common factor of 21 and 5240151?
21
What is the greatest common factor of 26410 and 60?
10
Calculate the highest common divisor of 18361 and 133.
7
What is the highest common divisor of 426424 and 302?
302
What is the highest common factor of 3007061 and 53?
53
Calculate the greatest common divisor of 13674 and 43.
43
What is the highest common divisor of 180816 and 384?
48
Calculate the highest common divisor of 3151 and 32469.
137
Calculate the highest common factor of 119153 and 473.
43
What is the highest common factor of 31232 and 20008?
488
What is the greatest common factor of 15770 and 50?
10
Calculate the greatest common divisor of 53702 and 110.
22
What is the greatest common divisor of 112 and 281708?
28
Calculate the greatest common factor of 4956 and 1792.
28
Calculate the highest common factor of 136 and 2839544.
136
Calculate the highest common divisor of 1967667 and 2028.
507
What is the greatest common factor of 379 and 10233?
379
What is the highest common divisor of 343 and 1799?
7
Calculate the highest common factor of 39 and 387231.
39
What is the highest common factor of 768 and 21144?
24
What is the highest common factor of 4584 and 4668?
12
What is the highest common divisor of 52574 and 194?
194
Calculate the highest common divisor of 13248 and 252.
36
What is the greatest common divisor of 2299 and 8107?
121
What is the greatest common divisor of 6272 and 9696?
32
Calculate the greatest common divisor of 706097 and 266.
133
What is the greatest common divisor of 250 and 997850?
50
Calculate the greatest common factor of 835392 and 96.
96
What is the greatest common factor of 1471976 and 1167?
389
Calculate the greatest common divisor of 8614 and 23128.
118
Calculate the highest common divisor of 437244 and 996.
996
What is the greatest common divisor of 4394 and 15782?
26
What is the highest common divisor of 94683 and 111?
111
What is the greatest common factor of 520 and 355?
5
Calculate the highest common divisor of 39 and 25536.
3
Calculate the highest common factor of 130 and 330.
10
What is the greatest common divisor of 3717 and 45017?
413
Calculate the greatest common divisor of 17847 and 513.
27
What is the greatest common factor of 1834001 and 104?
13
Calculate the highest common divisor of 1296 and 93744.
432
What is the greatest common divisor of 3444 and 4305?
861
Calculate the highest common factor of 376514 and 316.
158
What is the highest common factor of 2483 and 5539?
191
What is the highest common factor of 50 and 2406?
2
What is the greatest common factor of 1073 and 2183?
37
Calculate the greatest common factor of 706 and 172.
2
What is the highest common factor of 70 and 54698?
14
Calculate the greatest common factor of 686 and 2688.
14
Calculate the greatest common divisor of 69471 and 2619.
27
Calculate the greatest common factor of 627 and 31749.
57
Calculate the greatest common divisor of 1732712 and 413.
59
Calculate the highest common divisor of 729 and 11.
1
Calculate the highest common factor of 48 and 1684572.
12
What is the greatest common factor of 20615 and 365645?
1085
What is the greatest common factor of 5670 and 4617?
81
What is the highest common divisor of 735275 and 25?
25
What is the highest common divisor of 233990 and 50?
10
What is the highest common divisor of 109198 and 71?
71
What is the greatest common factor of 7 and 728882?
7
What is the greatest common divisor of 40545 and 3445?
265
What is the highest common factor of 128 and 4985888?
32
What is the greatest common divisor of 66 and 4938?
6
Calculate the greatest common divisor of 381698 and 10.
2
Calculate the greatest common factor of 294 and 29472.
6
Calculate the highest common divisor of 4740 and 2460.
60
Calculate the highest common divisor of 3242 and 50.
2
What is the highest common divisor of 2438 and 7188443?
1219
What is the highest common divisor of 357082 and 22?
22
What is the greatest common divisor of 12 and 90044?
4
What is the highest common divisor of 108 and 1183923?
27
Calculate the highest common factor of 28385 and 35.
35
What is the greatest common factor of 80061 and 27?
3
Calculate the greatest common factor of 2161164 and 12.
12
Calculate the highest common factor of 5350 and 1550.
50
What is the greatest common divisor of 24 and 68232?
24
Calculate the greatest common divisor of 63 and 408716.
7
Calculate the greatest common divisor of 10374 and 5824.
182
What is the highest common divisor of 91 and 447473?
13
Calculate the highest common divisor of 171816 and 384.
24
Calculate the greatest common factor of 586 and 15529.
293
Calculate the highest common factor of 292488 and 9912.
168
Calculate the high